ue
Is 1090602 a multiple of 887?
False
Is 88848 a multiple of 36?
True
Is 1423616 a multiple of 332?
True
Does 3 divide 114099?
True
Is 354977 a multiple of 9?
False
Is 206 a factor of 126072?
True
Is 97 a factor of 512063?
True
Does 15 divide 60510?
True
Does 234 divide 5056974?
True
Is 6 a factor of 131174?
False
Is 7 a factor of 19194?
True
Is 408927 a multiple of 650?
False
Is 11 a factor of 15137114?
False
Is 518 a factor of 481222?
True
Is 94928 a multiple of 2?
True
Does 148 divide 8526745?
False
Is 12 a factor of 1293180?
True
Is 882315 a multiple of 108?
False
Is 1997751 a multiple of 17?
False
Is 732780 a multiple of 6?
True
Does 357 divide 10591833?
True
Does 1073 divide 3319862?
True
Does 30 divide 252463?
False
Is 3 a factor of 171425?
False
Is 74645 a multiple of 13?
False
Is 21 a factor of 2299059?
True
Is 13 a factor of 3666?
True
Is 421 a factor of 693387?
True
Is 65 a factor of 1716650?
True
Does 92 divide 2049049?
False
Is 388245 a multiple of 55?
True
Is 10 a factor of 2407228?
False
Is 127935 a multiple of 200?
False
Is 3778274 a multiple of 1090?
False
Is 1099728 a multiple of 72?
True
Is 32 a factor of 6208?
True
Is 1215605 a multiple of 402?
False
Does 363 divide 776094?
True
Does 98 divide 155329?
False
Is 130078 a multiple of 11?
False
Does 458 divide 601354?
True
Is 901 a factor of 1364114?
True
Is 326620 a multiple of 20?
True
Is 491810 a multiple of 28?
False
Is 3221768 a multiple of 31?
True
Is 8 a factor of 545251?
False
Is 412 a factor of 7344167?
False
Is 46 a factor of 13809554?
False
Does 450 divide 646180?
False
Does 32 divide 117741?
False
Is 40 a factor of 292480?
True
Does 26 divide 332488?
True
Does 8 divide 10676?
False
Does 18 divide 833274?
True
Is 1581036 a multiple of 1246?
False
Does 499 divide 337765?
False
Is 2580814 a multiple of 5?
False
Is 282 a factor of 143538?
True
Is 986452 a multiple of 25?
False
Is 430412 a multiple of 4?
True
Is 117 a factor of 157936?
False
Is 1365180 a multiple of 122?
True
Does 386 divide 1401022?
False
Does 146 divide 11964846?
True
Does 47 divide 10995556?
True
Is 16 a factor of 51091?
False
Does 6 divide 105261?
False
Is 180 a factor of 361810?
False
Is 92 a factor of 2821548?
True
Is 42 a factor of 20363?
False
Is 18 a factor of 1806876?
True
Does 9 divide 165312?
True
Is 612 a factor of 10093104?
True
Is 545 a factor of 4812350?
True
Does 44 divide 3478816?
True
Does 25 divide 191425?
True
Is 5463234 a multiple of 582?
True
Is 186772 a multiple of 106?
True
Is 1505 a multiple of 5?
True
Is 15 a factor of 4104694?
False
Is 42 a factor of 207908?
False
Is 23 a factor of 66286?
True
Does 35 divide 9821875?
True
Does 15 divide 17880?
True
Is 851568 a multiple of 16?
True
Does 508 divide 4505368?
False
Is 17 a factor of 495375?
False
Is 42 a factor of 126966?
True
Is 248500 a multiple of 25?
True
Is 8 a factor of 26272?
True
Is 113 a factor of 2926184?
False
Is 104 a factor of 194584?
True
Is 87809 a multiple of 39?
False
Is 249 a factor of 472353?
True
Does 20 divide 8748580?
True
Is 480876 a multiple of 4?
True
Is 64 a factor of 861609?
False
Is 413074 a multiple of 15?
False
Is 6591508 a multiple of 242?
False
Is 166 a factor of 1849074?
True
Does 30 divide 24900?
True
Is 47 a factor of 2014185?
True
Is 181297 a multiple of 109?
False
Is 19 a factor of 17236382?
True
Is 151987 a multiple of 215?
False
Is 168 a factor of 5554854?
False
Is 90478 a multiple of 38?
True
Is 4523718 a multiple of 5?
False
Is 49020 a multiple of 129?
True
Is 10 a factor of 164081?
False
Is 136 a factor of 173790?
False
Is 24222 a multiple of 11?
True
Is 9612396 a multiple of 226?
False
Is 64491 a multiple of 150?
False
Is 2427074 a multiple of 1098?
False
Does 22 divide 105965?
False
Is 2523177 a multiple of 1017?
True
Is 57 a factor of 379404?
False
Is 43 a factor of 8092557?
True
Does 38 divide 550738?
False
Is 9 a factor of 36077?
False
Is 126 a factor of 438681?
False
Is 9 a factor of 50124?
False
Is 221 a factor of 695159?
False
Does 64 divide 408511?
False
Is 9834248 a multiple of 437?
True
Is 18 a factor of 376953?
False
Does 6 divide 21216?
True
Does 10 divide 187810?
True
Is 385 a factor of 2626085?
True
Is 28 a factor of 13839350?
False
Does 154 divide 148456?
True
Is 134 a factor of 10325385?
False
Is 5314536 a multiple of 1324?
True
Is 226489 a multiple of 213?
False
Is 612 a factor of 23115240?
True
Is 191297 a multiple of 372?
False
Is 59 a factor of 12160634?
False
Is 68 a factor of 868632?
True
Does 93 divide 348843?
True
Is 385710 a multiple of 30?
True
Is 30 a factor of 2306705?
False
Does 8 divide 5905344?
True
Is 6 a factor of 109344?
True
Is 47 a factor of 10904?
True
Is 111 a factor of 15193?
False
Is 18836 even?
True
Does 34 divide 96694?
False
Is 528902 a multiple of 829?
True
Does 148 divide 92204?
True
Is 48 a factor of 7056?
True
Is 3452247 a multiple of 261?
True
Is 400 a factor of 4784431?
False
Is 183492 a multiple of 36?
True
Is 7 a factor of 1657606?
False
Does 4 divide 2169742?
False
Is 32 a factor of 164384?
True
Does 13 divide 56706?
True
Is 49326 a multiple of 53?
False
Does 23 divide 304716?
False
Is 31 a factor of 6715530?
True
Does 13 divide 389428?
True
Is 16 a factor of 16726528?
True
Does 128 divide 1545879?
False
Does 77 divide 477602?
False
Does 33 divide 13002?
True
Is 10823650 a multiple of 25?
True
Does 11 divide 936683?
True
Is 399809 a multiple of 29?
False
Is 24410 a multiple of 34?
False
Is 20 a factor of 216639?
False
Does 12 divide 88387?
False
Is 3 a factor of 18639?
True
Is 189341 a multiple of 29?
True
Is 99080 a multiple of 35?
False
Does 1176 divide 1598481?
False
Is 9411204 a multiple of 44?
True
Is 148390 a multiple of 14?
False
Is 23 a factor of 777?
False
Is 4540383 a multiple of 229?
True
Is 364413 a multiple of 67?
True
Is 193 a factor of 496782?
True
Is 195 a factor of 175679?
False
Does 131 divide 1772473?
False
Is 259434 a multiple of 3?
True
Is 17296 a multiple of 8?
True
Does 4 divide 7241?
False
Is 10 a factor of 6829678?
False
Is 64 a factor of 473874?
False
Is 107 a factor of 7545212?
True
Is 3 a factor of 13080?
True
Does 36 divide 16640311?
False
Is 775522 a multiple of 165?
False
Does 525 divide 1001700?
True
Is 708037 a multiple of 10?
False
Is 7109136 a multiple of 16?
True
Is 65 a factor of 1202305?
True
Does 29 divide 715074?
False
Is 54 a factor of 4005538?
False
Is 30 a factor of 4804920?
True
Is 106 a factor of 197825?
False
Is 214544 a multiple of 44?
True
Is 260037 a multiple of 306?
False
Is 147704 a multiple of 499?
True
Is 288 a factor of 23119?
False
Is 50 a factor of 3967939?
False
Is 8157263 a multiple of 30?
False
Is 16 a factor of 433522?
False
Is 114060 a multiple of 23?
False
Is 31 a factor of 344614?
False
Does 27 divide 1362501?
True
Does 81 divide 65187?
False
Is 264 a factor of 554664?
True
Does 30 divide 98422?
False
Is 4159 a multiple of 23?
False
Is 4 a factor of 209914?
False
Is 1646 a factor of 4775046?
True
Is 59 a factor of 3685131?
False
Does 6 divide 44294?
False
Does 490 divide 2266803?
False
Does 37 divide 1234246?
True
Is 35 a factor of 2655240?
True
Does 12 divide 232699?
False
Does 263 divide 11957295?
True
Is 1398867 a multiple of 760?
False
Is 4711720 a multiple of 1066?
True
Is 290217 a multiple of 112?
False
Does 182 divide 43680?
True
Is 26 a factor of 16167294?
True
Is 17 a factor of 7730019?
True
Is 913604 even?
True
Is 150178 a multiple of 7?
True
Is 573 a factor of 4556496?
True
Does 11 divide 25221?
False
Is 70 a factor of 17180?
False
Is 15 a factor of 505210?
False
Is 1052055 a multiple of 16?
False
Is 1004134 a multiple of 330?
False
Does 24 divide 1918272?
True
Does 9 divide 11827530?
True
Is 1164 a factor of 7777595?
False
Does 3 divide 1413?
True
Is 6971952 a multiple of 12?
True
Is 22 a factor of 272844?
True
Is 46 a factor of 38640?
True
Is 1365399 a multiple of 192?
False
Does 128 divide 435372?
False
Is 241532 a multiple of 10?
False
Is 64 a factor of 3185728?
True
Is 334 a factor of 2727110?
True
Does 37 divide 168424?
True
Is 6193416 a multiple of 23?
False
Is 6429810 a multiple of 26?
False
Is 478188 a multiple of 12?
True
Does 9 divide 34619?
False
Is 502266 a multiple of 271?
False
Is 16882944 a multiple of 456?
True
Is 637 a factor of 2196831?
Fal